What is the remainder when m(7) is divided by c?
4
Let j = 131 + -93. What is the remainder when 148 is divided by j?
34
Let i be ((-33)/9)/(1/15). Let u = i + 82. What is the remainder when u is divided by 15?
12
Let j(o) = o**2 - 7*o + 24. Calculate the remainder when 268 is divided by j(10).
52
Let g(f) = f + 5. Calculate the remainder when 46 is divided by g(19).
22
Suppose 3*u = 3, -4*u = -4*h - 9*u + 81. What is the remainder when h is divided by 4?
3
Suppose -3*d + 11 = g, -5*g + 50 = -2*d - 73. Calculate the remainder when g is divided by 1 + 18/4 - 28/(-56).
5
Suppose 0*t + 4*f - 8 = 5*t, f = 2. Calculate the remainder when 11 is divided by (-6)/(t + -2) + 4.
4
What is the remainder when (4/(-2))/((-5)/((-385)/(-14))) is divided by 4?
3
Let z be (55/(-10))/((-3)/6). Let i(v) = v. What is the remainder when 30 is divided by i(z)?
8
Let u = 0 - 4. Let j(c) = 3*c + 3*c**2 + 8 + c - 2. Calculate the remainder when j(u) is divided by 13.
12
Calculate the remainder when 4 + -4 + 4 + 105 is divided by 28.
25
Let c be (2/(-3))/(4/(-18)). Suppose 0 = a + a + 6, -c*a = w - 3. Suppose -2*y = -5*y + w. Calculate the remainder when 7 is divided by y.
3
Let v = -87 + 91. Calculate the remainder when 4 is divided by v.
0
Let j = -21 + 37. Let p = -62 + 113. Suppose -7*a + 4*a = -5*z + p, 6 = -3*a. Calculate the remainder when j is divided by z.
7
Let k(s) = 2*s**2 + 20*s - 2. What is the remainder when k(-11) is divided by 7?
6
Let b = -15 - -27. What is the remainder when 59 is divided by b?
11
Suppose 0 = -5*x + 63 - 8. Let d = x + 8. Calculate the remainder when d is divided by 10/(-3)*(2 - 5).
9
Let n(f) be the second derivative of f**5/20 + 5*f**4/12 + f**3/3 + 2*f**2 + 4*f. Let x be n(-5). What is the remainder when 4 is divided by 2*(-9)/x*1?
1
Let m be (2 + (0 - 113))/1. Let d = m - -155. What is the remainder when d is divided by 15?
14
Suppose -3*d - 3 = -15. What is the remainder when 6 is divided by d?
2
Let o = 0 + 2. Suppose o*d - 7*d + 40 = 0. What is the remainder when 23 is divided by d?
7
Calculate the remainder when 97 is divided by ((-153)/2)/(-3) + 18/(-36).
22
Suppose 3*z + 1 = 2*u, -u - 7*z + 3*z + 28 = 0. Calculate the remainder when 5/((-5)/(-2))*u is divided by 14/35 - 28/(-5).
4
Let m be -18 + (-1)/(-2)*4. Let b = 12 - m. What is the remainder when b is divided by 10?
8
Let c = 7 - -15. Let p(a) = -6*a**3 - a**2 + a - 1. Calculate the remainder when p(-2) is divided by c.
19
Suppose 5*o - o = -4*m + 72, m = -3*o + 26. Suppose -j = -m - 14. Let d = -157 + 167. What is the remainder when j is divided by d?
8
Suppose -8*q + 208 = -3*q - 2*u, -2*q + 88 = -2*u. What is the remainder when q is divided by 14?
12
Let g = 14 - -13. Suppose 2*q - 5*q = -g. Suppose 2*a = a + 17. Calculate the remainder when a is divided by q.
8
Let i be ((-2)/(-6))/(4/(-12)). Let b = i + 13. What is the remainder when 23 is divided by b?
11
Let s(j) = -j + 47. Calculate the remainder when s(19) is divided by 15.
13
What is the remainder when 25 is divided by (-370)/(-25) - -1*(-2)/(-10)?
10
Let s(h) = 2 - 2 + 9*h**2 - 1 + 2*h. What is the remainder when 29 is divided by s(1)?
9
Suppose 3 + 9 = 3*v. What is the remainder when 8 is divided by v?
0
Suppose -4*x + 8 = -76. Let s = -13 + x. Calculate the remainder when 31 is divided by s.
7
Let b(m) = -3*m - 5. Calculate the remainder when 99 is divided by b(-10).
24
Suppose -5*u + 30 = 4*v, v - 3 = -3*u + 1. Suppose 0 = 2*k + 6, -3*k + 5 = -5*j + 104. What is the remainder when j is divided by v?
8
Suppose -5*g - 55 = -5*p, 8 = p - 3*p - 4*g. Suppose 76 = p*h - 2*h. What is the remainder when h is divided by 5?
4
Suppose 5*f + 114 - 354 = 0. What is the remainder when 140 is divided by f?
44
Suppose i + 0*i + 30 = 0. Suppose 4*m = m + 24. Calculate the remainder when (i/4)/((-1)/2) is divided by m.
7
Suppose -4*p + 62 = -2*p. What is the remainder when p is divided by 8?
7
Suppose 0 = 2*s - 0*s - 4*b + 30, -5*s - 5*b = 120. Let i = s - -40. Calculate the remainder when 56 is divided by i.
18
Let v(s) = 2*s + 18. Calculate the remainder when v(8) is divided by 9.
7
Suppose 20*v - 952 = 6*v. Calculate the remainder when v is divided by 24.
20
Let v(z) = -8*z**3 - 1 + z**2 + 32*z**3 - 10*z**3 + 19*z**3. What is the remainder when v(1) is divided by 9?
6
Suppose 5*a - 24 = 1. Suppose 20 = -4*h + a*h. Calculate the remainder when 58 is divided by h.
18
Suppose 339 = -4*i + 391. Suppose 49 + 47 = 4*z. What is the remainder when z is divided by i?
11
Let x = -111 - -142. Suppose -2*h + 26 = 2*t, 21 = t + 4*h + h. What is the remainder when x is divided by t?
9
Let f(k) = -15*k**3 - k**2 + 5*k + 6. What is the remainder when f(-1) is divided by 6?
3
Suppose 4*o + 2*b = 66, 70 + 20 = 5*o - 5*b. What is the remainder when o is divided by (-1)/4 - 17/(-4)?
1
What is the remainder when 86 is divided by ((-8)/(-10))/((-8)/(-220))?
20
Suppose -2*l = 5*r - 6*l - 164, r - 5*l = 37. What is the remainder when 125 is divided by r?
29
Suppose -3*w - 33 = -186. Calculate the remainder when w is divided by 30.
21
Suppose 3*v = 4*v - 5*m - 225, -m = 5*v - 1073. What is the remainder when v is divided by 36?
35
What is the remainder when 71 is divided by (-4)/6*(-25 + -11)?
23
Suppose 4*d - 6 = 5*h, d - 14 = h - 3*d. What is the remainder when (-86)/(-14) - 11/77 is divided by h?
0
Let a(h) = h**3 + 4*h**2 - 6*h - 2. Let b be a(-5). Suppose 0 = 5*v - 5*y - 110, 4*v + b*y = 3*v + 18. What is the remainder when v is divided by 6?
3
Suppose -f + 68 = 3*f. Calculate the remainder when f is divided by 6.
5
Suppose 27*i + 160 = 29*i. What is the remainder when i is divided by 21?
17
Suppose -x = -5*i - 38, -4*i - x - 32 = i. Let u(c) = c - 2. Let r be u(i). Let m = -7 - r. What is the remainder when 5 is divided by m?
1
What is the remainder when (2 - 80/(-15))*(-6)/(-4) is divided by 4?
3
Suppose 5*z - 7 = -4*q + q, 0 = 3*q - z - 13. What is the remainder when q/(-18) + (-119)/(-9) is divided by 8?
5
Let f(b) = -12*b + 4. Calculate the remainder when f(-4) is divided by 19.
14
Let r = -127 - -144. Suppose 15 = 3*c - 0*c. What is the remainder when r is divided by c?
2
Let x(z) be the third derivative of -z**5/60 + z**4/3 + z**3/2 + 3*z**2. What is the remainder when 27 is divided by x(7)?
7
Let t = 3 - -15. Calculate the remainder when (-6)/(-10) + (-344)/(-10) is divided by t.
17
Suppose 5*u + 3*s - 7 = 3*u, -5*u = 4*s - 35. Suppose 0 = -n - 0*n + 3. Calculate the remainder when u is divided by n.
2
Let g(c) = -c**3 - 2*c**2 - 2*c - 2. Let h be g(-2). Suppose 0 = -h*s + 4 + 14. Calculate the remainder when (-22 + 4 + 2)*-1 is divided by s.
7
Suppose 0 = 21*n - 18*n - 120. What is the remainder when n is divided by 12?
4
Let n be (2 - (4 - 1)) + 1. Let i = 13 - 9. Suppose -12 + n = -i*c. What is the remainder when 7 is divided by c?
1
Suppose 4*i + 10 = -3*n + 70, 2*n + 2*i - 40 = 0. Calculate the remainder when 137 is divided by n.
17
Let h(a) = -17*a - 15. Let o(z) = -9*z - 8. Let v(u) = -6*h(u) + 11*o(u). Calculate the remainder when (-21)/4*(-3 - (-1)/3) is divided by v(2).
6
Suppose 4 + 5 = 3*v. Suppose 22 = -v*z - f + 154, 0 = z + f - 42. What is the remainder when z is divided by 12?
9
Let g(f) = 9*f - 5*f**2 - 4*f + f**3 - 2 + 0*f**2. Calculate the remainder when 3 is divided by g(4).
1
Let v(b) = -6*b**2 + 3 - 4*b + 2*b - b**3 - 11. Let a be v(-6). Suppose -d + a = 2. What is the remainder when 4 is divided by d?
0
Let u = 1 - -5. Suppose 5*n + 19 = 5*o + 119, -4*o = -3*n + 62. Calculate the remainder when n - (-4 + 2 + 4) is divided by u.
4
Let q = 60 + -22. Let i = q - 20. Suppose -4*f + 3 = -3*y + 4*y, 3*y + 3*f = i. What is the remainder when 19 is divided by y?
5
Let q be (-5)/(-15) + 242/(-6). Suppose 2*t - 55 = 5*c, 6*c - c = -4*t - 25. Let m = c - q. What is the remainder when m is divided by 11?
9
Let s(r) = 5*r - 5. Let b(v) = -2*v - 6. Let g be b(-5). What is the remainder when 28 is divided by s(g)?
13
Let i(p) = -p**3 - 2*p**2 + 5*p - 3. Let x(h) = h**2 - 2*h + 1. Calculate the remainder when x(6) is divided by i(-4).
7
Suppose 8*q - 76 = 6*q. Calculate the remainder when q is divided by 13.
12
Let b(o) = o + 10. Let c be b(-8). Suppose 3*y = 7 + c. Calculate the remainder when y/(12/(-82))*-2 is divided 